t is w(x)?
-3
Suppose -j = -4*f - 16, 4*f - 1 - 3 = -4*j. Let d(w) = w**3 + 3*w**2 + 2. Determine d(f).
2
Let q(m) = -m**2 + m + 5. Let x = -52 + 49. Calculate q(x).
-7
Let x(i) be the third derivative of -i**5/20 + 23*i**4/24 - i**3/3 + 13*i**2. Let q(t) = t**2 - 8*t + 1. Let f(m) = 17*q(m) + 6*x(m). Calculate f(5).
-10
Suppose -2 = -y - j, -2*y = -2*j + 6*j - 8. Suppose -2*o = -3*c - 9, y = 2*o - 5*c + 2 - 9. Let b(z) = z**2 - 6*z - 2. Give b(o).
-2
Let z(m) = m**3 + 10*m**2 - m. Let a(p) be the second derivative of p**3/6 - 9*p**2 + 10*p. Let x be a(8). What is z(x)?
10
Let x(k) = -21*k**2 - 941 + 941. What is x(-1)?
-21
Let t(o) = o**2 - 1. Let l be t(-1). Suppose -5*q + 6*q - 5 = l. Let m(i) be the third derivative of -i**6/120 + i**5/12 + i**3 - 2*i**2. Determine m(q).
6
Let k(m) be the first derivative of m**2 + 4*m - 5263. Let d = 0 + 0. Let u = -3 - d. Determine k(u).
-2
Let r(a) = 26*a**3 + a**2. Let h(g) = -3*g**3 + 2*g**2 + 6*g - 6. Let u be h(1). Give r(u).
-25
Let m(g) = -g**3 + 6*g**2 + 7*g + 8. Let l be m(7). Suppose -4*t + 3*c - 3 = 4, l = -t + 2*c. Let a(q) = q**2 + 2*q - t*q + q + 1. Give a(-3).
7
Let a(j) = j**2 - 6 + 7*j + 5 - 3 + j. Let c be -4 - -1*(-4 - 0). Calculate a(c).
-4
Let w(o) be the first derivative of -o**2/2 - 8*o + 58. Calculate w(-3).
-5
Let i(l) = -2928*l**3 + 2927*l**3 + 2*l + 1 + 3*l - l - 2*l**2. Suppose -3*d - 1 - 8 = 0. Determine i(d).
-2
Let b(d) be the first derivative of -d**4/4 + 2*d**3 + d**2/2 - 3*d + 411. What is b(7)?
-45
Let q(a) = 2 + 2 + 3*a - 2. Let n(o) = -5 - 2*o**2 - 2 - 10*o + 22. Let l be n(-6). Give q(l).
11
Let l(a) = -a + 4. Let u(w) = -2*w + 23. Let o be u(8). Suppose -g = -2*q + 3, 2*g + 2*q = -2*q - 22. Let j = g + o. Determine l(j).
4
Let m(v) = -v - 8. Let d be (6 + (-36)/5)/((-2)/(-15)). Give m(d).
1
Let k(z) = -z**2 - 6*z - 7. Suppose 3*q + 5*v + 21 = 0, -q - 6*v = -v + 7. Calculate k(q).
-14
Let v(l) = 4*l**2 - 8*l**2 - 5*l**2 + 6*l**2 + 4*l**2 + l + 6. Determine v(5).
36
Let n(j) be the third derivative of 0 - 8*j**2 - 1/60*j**5 + 2/3*j**3 + 0*j - 1/8*j**4. Calculate n(-4).
0
Let q(j) = j**2 - 3*j - 3. Let d be (-2)/(-3)*(-30)/(-4). Determine q(d).
7
Let h = -32 + 37. Let w(g) = g**3 - 5*g**2 - 2*g + 5. Determine w(h).
-5
Suppose 0 = 22*i - 8*i - 42. Let q(h) be the first derivative of 3/4*h**4 + i*h - 1/3*h**3 - 3/2*h**2 + 9. Calculate q(2).
17
Let m(s) be the first derivative of s**2 + 14*s + 9. Let t be m(-4). Let k(z) = 2*z - 5. Calculate k(t).
7
Let f(g) = g**2 + 2*g. Let d = 5 - -20. Suppose -m + 4 = 2*m - 4*z, -5 = -3*m + 5*z. Suppose -3*w - a - 2*a - 21 = m, 5*a + d = 0. Determine f(w).
0
Let a(v) be the third derivative of -1/120*v**6 - 3*v**2 + 0*v**4 + 0 - 1/15*v**5 - 1/6*v**3 + 0*v. Calculate a(-3).
-10
Suppose 2*i + i + 2 = 4*j, 2*j = i. Let u = 8 - j. Let r(p) = 2 + 10*p**2 - u*p**2 + 0*p + 5*p + 3. What is r(-4)?
1
Let y(t) = 4*t - t - 10*t**2 - 4 + 2 + 12*t**2. Give y(-3).
7
Let n(v) = 5 - v**3 - 18 + 7 - 10*v + 2 - 14*v**2 + 3*v**2. What is n(-9)?
-76
Suppose -23 - 25 = -4*t. Suppose 0 = -t*s + 11*s - 5. Let x(w) = -w - 2. Calculate x(s).
3
Let z = 75 + -78. Let l be 0/((-2)/z + 40/30). Let x(b) = b**2 + b + 6. What is x(l)?
6
Let v(m) be the second derivative of -m**4/24 - m**3/2 + 13*m**2/2 + 13*m. Let g(x) be the first derivative of v(x). Give g(-6).
3
Suppose m = -16 - 16. Let d = 26 + m. Let w(l) = l**3 + 5*l**2 - 6*l + 6. What is w(d)?
6
Let u be (-1)/((-2)/4) + 1. Let x(d) = -3*d + 16. Let l(q) = 6*q - 34. Let k(h) = -6*l(h) - 13*x(h). Calculate k(u).
5
Let x be (2/2)/((-1)/(-7)). Let m be (4/(-6) - -1)/((-6)/(-54)). Let f(r) = -r - 7*r**2 + 45 - 44 - r**3 + 2*r**m. Give f(x).
-6
Let b(t) be the first derivative of 5/2*t**2 + 2 + 2*t. Determine b(-3).
-13
Let d(q) = -q**3 - 11*q**2 - 7 + 3 + 9*q**2. Give d(-3).
5
Let b(x) = 2*x - 4. Let q = -2 + 3. Let f = 51 - 51. Suppose 0 = -3*p + 5*a + 28, -2*a - q - 3 = f. Determine b(p).
8
Let x(u) = 7*u - 7. Let h(c) = 10*c - 10. Let t = -2 - -7. Suppose 0*z + 21 = -3*z. Let o(l) = t*h(l) + z*x(l). Determine o(-2).
-3
Let u(m) = -m**2 - m + 1. Let x(i) = -i**2 - 2*i + 1. Let j(r) = 7*u(r) - 4*x(r). Let p(h) be the first derivative of j(h). Determine p(-1).
7
Let t(f) = -f**3 - 7*f**2 - 6*f + 7. Let i(o) = -11*o - 5. Let q be i(0). Calculate t(q).
-13
Let q(f) = f**3 - f**2 + f + 12. Suppose -g - i - 7 = -9, -2*i + 4 = -4*g. Determine q(g).
12
Let a(o) = o + 3. Let x = -472 + 472. Give a(x).
3
Let s(a) be the third derivative of -a**5/60 - 7*a**4/24 + 7*a**3/6 + 20*a**2 + 1. Calculate s(-6).
13
Let h(r) = r**3 - 5*r**2 - 6*r - 2. Let f(g) be the first derivative of -g**4/4 + 3*g**2 - 3*g + 2. Let x be f(-3). Give h(x).
-2
Let u(w) = w**3 - 6*w**2 + w - 5. Suppose -2*b = -7 - 5. Calculate u(b).
1
Suppose 8*j - 3*j - 45 = 0. Let m be (-2 - 1)/(j/6). Let w(c) = 8*c + 3. Calculate w(m).
-13
Let i(h) = -11*h**2 - 13*h - 16. Let g(m) = -5*m**2 - 7*m - 8. Let t(p) = 9*g(p) - 4*i(p). Suppose -2*k = -b + 1, -4*b - k - 3*k = 56. Calculate t(b).
10
Let o(m) = m**3 - 2*m**2 + m - 2. Let b(w) = 21*w**3 - 6*w**2 + 3*w - 6. Let k(j) = -3*b(j) + 9*o(j). What is k(1)?
-54
Suppose -3*d + 3*o = -4 - 23, 37 = 3*d - 5*o. Let v(c) = -14*c**2 + 0 + 13*c**2 - 2*c + 2 + 5*c. What is v(d)?
-2
Let x(y) be the second derivative of -1/20*y**5 + 1/6*y**3 - 10*y - 5/12*y**4 - 7/2*y**2 + 0. Let c = -34 + 29. Determine x(c).
-12
Let y(q) = q**3 + 2*q**2 - 4*q + 4. Let z(h) = 4*h**2 + 2*h**3 + 3*h - 10*h - 2*h + 8. Let t(g) = 5*y(g) - 2*z(g). Suppose 4*x = 4 - 16. Calculate t(x).
1
Suppose 7*j + 3 = 8*j. Let q(k) = j - 4 - 18*k + 0 + 12*k. Calculate q(-2).
11
Let g(a) = 8*a - 12. Let w(m) = 10*m - 13. Let p(y) = 4*g(y) - 3*w(y). Give p(7).
5
Suppose 0 = 2*n + 17 - 3. Let z(p) = p**3 + 10*p**2 - 13*p - 11. Let c(r) = r**3 + 11*r**2 - 14*r - 12. Let y(x) = -4*c(x) + 5*z(x). What is y(n)?
7
Let u be 3*(2 + (4 - 5)). Suppose -w = u*w - 8. Let d(c) = -c**3 + c**2 - c + 1. Calculate d(w).
-5
Let a = -2 + 12. Suppose -2*t = a - 26. Suppose -7 = 5*y + t. Let n(g) = -g**2 - g + 2. Determine n(y).
-4
Let k(v) = 11*v - 39*v + 13 + 11*v + 4*v + 12*v. Calculate k(-11).
24
Let b(a) = -a**2 + 8*a + 2. Let f = -263 + 273. What is b(f)?
-18
Let p(c) be the first derivative of c**3 + c**2/2 + c - 2. Let l(z) be the first derivative of p(z). Let b = -757 + 756. Calculate l(b).
-5
Let t(o) = -44*o**2 - o. Let u be (1 + 0)/((-75)/(-15) + -4). Determine t(u).
-45
Suppose -4*k + 3*q - 6 = 6, 0 = -3*k - q - 22. Let i(l) be the second derivative of l**4/12 + l**3 - 5*l**2/2 + 13*l. Calculate i(k).
-5
Let w(a) = 36*a + 2*a**2 - 7*a**2 - 73*a + 32*a + 5 + a**3. Calculate w(6).
11
Let r(y) = -6*y - y**2 - 9*y**2 + 9*y**2 + y - 1. Suppose -5*b - 19 = 2*m, -2*m + b = 3 + 10. Let l be 37/m + 8/28. Determine r(l).
-1
Let k(v) = -3*v**3 + 4*v**2 + 4*v - 1. Let t(l) = -4*l**3 + 4*l**2 + 6*l - 2. Let b(j) = 5*k(j) - 4*t(j). What is b(2)?
19
Let z(v) = 3*v - 18 + 21 - 7*v - 22*v**2 + 0 + v. Determine z(1).
-22
Let w(j) = -j + 2. Let h(n) = 5*n + 131. Let u(r) = -r - 26. Let v(p) = 2*h(p) + 11*u(p). Let k be v(-18). Calculate w(k).
8
Suppose -8*d + 283 = 323. Let w(f) = f**3 + 5*f**2 + f - 4. Give w(d).
-9
Suppose 0 = 5*l - 18 - 77. Let b(r) = -r - 4. Give b(l).
-23
Let m(g) be the third derivative of -1/60*g**5 + 23/6*g**3 - 6*g**2 + 0*g + 1/24*g**4 + 0. Determine m(0).
23
Let r(y) = -11 + 4*y + 3*y**3 - 2*y**3 - 2*y**2 + 5 - 4*y**2. Let g(w) = 4*w**3 - 24*w**2 + 15*w - 24. Let j(d) = 2*g(d) - 9*r(d). Determine j(5).
1
Let b be (-4)/18 + (-4)/(-18). Suppose b = n - 2 - 1. Let w(u) be the first derivative of u**3/3 - 2*u**2 - 4*u - 15. Calculate w(n).
-7
Let q(j) = -16*j**3 - 6*j + 11. Let w(r) = r**3 + r - 2. Let t(d) = q(d) + 6*w(d). Determine t(1).
-11
Let g(z) = 4*z + 6. Let d(f) = f. Let n(a) = 5*d(a) - g(a). Let q = 38 + -36. Suppose w + q*w - v - 1 = 0, -v = -5*w + 1. Calculate n(w).
-6
Suppose 2*x + 3*n + 33 = -24, -4*x - 4*n = 108. Let j = -26 - x. Let r(a) be the first derivative of -2*a**3/3 - 3*a**2/2 - 2*a + 1. Give r(j).
-4
Suppose -2*z + 0*z - 28 = -2*h, -2*z - 6 = 0. Let s = -8 + h. Let q(u) = -2*u - u**3 + 3*u + 2 + 8 + u**2 + 2*u**s. Determine q(0).
10
Let c(t) be the second derivative of -t**3/6 + t**2 - 89*t. Determine c(-7).
9
Suppose v + 4 = 0, -3*v - 1